?
False
Is 1710144451 a composite number?
False
Is 45962537449 prime?
False
Is 414040987 prime?
True
Is 1969456963 composite?
True
Is 174711827 a composite number?
False
Is 1461360421 a prime number?
True
Is 36230358569 a prime number?
True
Is 117793870759 composite?
True
Is 1059060777 a composite number?
True
Is 29247150461 composite?
False
Is 39808017401 a prime number?
True
Is 1031405179 a prime number?
False
Is 251942501 a prime number?
False
Is 4016517397 a composite number?
False
Is 1171792409 a prime number?
False
Is 43238078317 prime?
False
Is 102077933521 prime?
False
Is 429292573 prime?
True
Is 2134397773 a composite number?
False
Is 421268573 a composite number?
True
Is 4605267383 a prime number?
True
Is 12556443349 prime?
False
Is 3623828119 composite?
False
Is 98334283 composite?
False
Is 3263834703 a prime number?
False
Is 26172710177 composite?
True
Is 264422833 composite?
False
Is 113565181771 a prime number?
False
Is 433649269 a composite number?
False
Is 307976299 a composite number?
True
Is 71689385629 a composite number?
False
Is 102402947501 a composite number?
True
Is 11974269107 a prime number?
False
Is 239648117 a composite number?
True
Is 144307128151 a prime number?
True
Is 84380639207 a prime number?
True
Is 3747073751 composite?
True
Is 474209861 composite?
False
Is 44757319 a composite number?
False
Is 152350530509 composite?
True
Is 35038417903 prime?
False
Is 3723793607 composite?
True
Is 16054267217 a prime number?
True
Is 7705338359 prime?
True
Is 214396661 prime?
True
Is 2358183533 prime?
True
Is 1535052521 prime?
True
Is 6522579617 composite?
False
Is 1414102299 a composite number?
True
Is 2158817191 prime?
False
Is 1777056991 prime?
True
Is 4276367441 composite?
True
Is 7684588427 a prime number?
True
Is 1582453319 a prime number?
False
Is 11078351 a prime number?
False
Is 2100208901 prime?
False
Is 157485180701 composite?
True
Is 550807129 a prime number?
True
Is 20114404049 a prime number?
True
Is 22423789 a prime number?
False
Is 597418319 prime?
True
Is 2484237747 prime?
False
Is 14592799537 a prime number?
False
Is 562780297 a composite number?
False
Is 2915818319 a prime number?
True
Is 4596103661 prime?
False
Is 117296247 a prime number?
False
Is 112492607 a prime number?
True
Is 879344243 composite?
True
Is 110940953 prime?
False
Is 620047595 composite?
True
Is 3786029951 prime?
False
Is 486604045 composite?
True
Is 465307609 a prime number?
False
Is 153439123 composite?
False
Is 13190783665 a prime number?
False
Is 232926193 prime?
True
Is 123264047659 a composite number?
False
Is 13052424391 composite?
True
Is 1096502837 a prime number?
False
Is 212524022761 prime?
False
Is 1603052497 composite?
True
Is 514524793 a composite number?
True
Is 582550201 a composite number?
False
Is 261241049 a prime number?
True
Is 2684218267 a prime number?
True
Is 3825190111 a composite number?
True
Is 9744845869 a prime number?
False
Is 2969013499 a prime number?
False
Is 14108071337 prime?
False
Is 21756830287 prime?
True
Is 62492552257 prime?
True
Is 2989331005 prime?
False
Is 668580181 a composite number?
True
Is 58140821 a composite number?
False
Is 11585403191 a prime number?
True
Is 385600937 a prime number?
False
Is 4233949609 prime?
False
Is 16334284987 a prime number?
False
Is 5447309669 prime?
True
Is 25329056983 a composite number?
True
Is 248726638 a prime number?
False
Is 28287785371 a prime number?
False
Is 12588341 a composite number?
True
Is 142467077 a prime number?
False
Is 48556413677 prime?
True
Is 10186026499 a composite number?
True
Is 3194098099 a prime number?
True
Is 167425922291 prime?
False
Is 1488753698 prime?
False
Is 23955763285 prime?
False
Is 1309374799 prime?
False
Is 8044069001 a prime number?
True
Is 132447773 a composite number?
False
Is 250634789 a composite number?
False
Is 31901680103 a composite number?
False
Is 414471097 composite?
False
Is 5165421853 composite?
False
Is 56275276373 a prime number?
False
Is 193830251 a prime number?
True
Is 889075973 composite?
False
Is 11157515867 composite?
False
Is 2269005551 a composite number?
False
Is 814117981 a composite number?
True
Is 658070737 a prime number?
False
Is 16804079 a composite number?
True
Is 8830177493 a composite number?
False
Is 67818061651 prime?
False
Is 4736666509 a prime number?
False
Is 10424641189 a composite number?
False
Is 509095469 composite?
True
Is 20472435187 prime?
True
Is 19402599241 a prime number?
True
Is 26999446163 a composite number?
True
Is 2845848693 composite?
True
Is 40421867 prime?
True
Is 16225296199 composite?
True
Is 117578780563 prime?
True
Is 33183991639 prime?
True
Is 25921266263 a prime number?
True
Is 3077206949 composite?
True
Is 1871934863 prime?
False
Is 35684126557 composite?
False
Is 542903159 prime?
True
Is 43331423659 a composite number?
True
Is 44290879 a prime number?
False
Is 15102251 prime?
False
Is 3280532597 prime?
True
Is 11136736789 a prime number?
True
Is 14972345539 prime?
True
Is 116833479751 composite?
False
Is 5511507835 a composite number?
True
Is 274848622557 a prime number?
False
Is 8189252209 a prime number?
False
Is 329642389 a prime number?
False
Is 21418035503 a prime number?
True
Is 34798378721 a composite number?
False
Is 5955711955 a prime number?
False
Is 5049089807 composite?
True
Is 1318920371 prime?
True
Is 24227200367 a prime number?
True
Is 20624218073 prime?
False
Is 11952115499 a composite number?
False
Is 131277255799 a composite number?
False
Is 6378301547 prime?
True
Is 60306175673 a composite number?
True
Is 968370521 a prime number?
True
Is 667210759 a composite number?
True
Is 519434386 a prime number?
False
Is 857627065 prime?
False
Is 5418974369 a composite number?
True
Is 5775874109 prime?
True
Is 33933466943 prime?
True
Is 173391033319 composite?
True
Is 78293335135 a prime number?
False
Is 133509473 a prime number?
True
Is 3102864503 composite?
True
Is 3056876501 composite?
True
Is 3258731381 a prime number?
True
Is 1793187941 a composite number?
False
Is 687856549 a composite number?
True
Is 1328809849 composite?
True
Is 211417289 composite?
False
Is 54985906081 composite?
False
Is 912447557 a prime number?
False
Is 2466035269 prime?
True
Is 1609118327 composite?
False
Is 424044661 a composite number?
False
Is 1577890661 a prime number?
True
Is 207996042811 a composite number?
False
Is 1610584489 a composite number?
True
Is 84156890331 a prime number?
False
Is 1789451509 prime?
True
Is 7322417447 composite?
False
Is 2932645249 a composite number?
False
Is 575392777 composite?
False
Is 1103322127 composite?
True
Is 13417854799 composite?
True
Is 151740162911 a composite number?
True
Is 867920083 prime?
False
Is 2687136061 a composite number?
True
Is 28709157577 composite?
True
Is 4126955303 prime?
False
Is 870715115 a composite number?
True
Is 2136947057 composite?
True
Is 20336264713 a prime number?
False
Is 36807413 prime?
True
Is 11934784702 a prime number?
False
Is 2632774141 a prime number?
True
Is 5085520633 a prime number?
True
Is 83517933671 a composite number?
True
Is 216538772261 a composite number?
True
Is 10967913871 prime?
True
Is 8259032813 a composite number?
True
Is 2460218099 prime?
True
Is 125202676741 a composite number?
False
Is 2357557837 a composite number?
False
Is 822515861 a prime number?
True
Is 833097709 composite?
False
Is 4322092913 a prime number?
True
Is 748205915 composite?
True
Is 1705927294 composite?
True
Is 8826228007 a composite number?
True
Is 7816784563 composite?
True
Is 80134339 a composite number?
False
Is 10481943743 a composite number?
True
Is 2534768039 a composite number?
False
Is 12461397971 prime?
False
Is 444113447 prime?
False
Is 27604567489 prime?
False
Is 5183357161 prime?
True
Is 6219980743 a composite number?
False
Is 6328654603 composite?
True
Is 43340701363 a composite number?
False
Is 4692587261 a prime number?
False
Is 826575353 prime?
False
Is 69098201 composite?
False
Is 1250630383 a composite number?
False
Is 11270679127 prime?
True
Is 235083547 a composite number?
False
Is 354090641 composite?
False
Is 109761230539 a prime number?
True
Is 201940853 a composite number?
False
Is 1011565363 a prime number?
False
Is 2853095693 a prime number?
False
Is 6039468199 a composite